{"id":48,"date":"2023-11-11T11:42:01","date_gmt":"2023-11-11T10:42:01","guid":{"rendered":"https:\/\/100jahremvr.de\/?page_id=48"},"modified":"2024-02-25T12:21:38","modified_gmt":"2024-02-25T11:21:38","slug":"donnerstag","status":"publish","type":"page","link":"https:\/\/100jahremvr.de\/?page_id=48","title":{"rendered":"Donnerstag, 30. Mai"},"content":{"rendered":"\n<h2 class=\"wp-block-heading\">10:30 Uhr | Fassanstich<\/h2>\n\n\n\n<p>Musikalische Unterhaltung durch den Musikverein Ellwangen.<\/p>\n\n\n\n<h2 class=\"wp-block-heading\">11 Uhr | Schw\u00e4bischer Mittagstisch<\/h2>\n\n\n\n<h2 class=\"wp-block-heading\">14 Uhr | Kaffee und Kuchen<\/h2>\n\n\n\n<p>Musikalische Unterhaltung durch den Musikverein Steinhausen an der Rottum.<\/p>\n\n\n\n<h2 class=\"wp-block-heading\">20 Uhr | Schw\u00e4bisch Comedy mit Saubachkome.de<\/h2>\n\n\n\n<p>Lust auf einen schw\u00e4bisch verr\u00fcckten, hocham\u00fcsanten Abend mit originellen musikalischen Einlagen? Dann komm&#8216; vorbei!<\/p>\n\n\n\n<p>Einlass ab 18 Uhr<\/p>\n\n\n\n<h3 class=\"wp-block-heading\">Eintritt<\/h3>\n\n\n\n<p>Vorverkauf: 15 \u20ac<br>Abendkasse: 18 \u20ac<\/p>\n\n\n\n<h3 class=\"wp-block-heading\">Jetzt Eintrittskarten sichern!<\/h3>\n\n\n\n<p>Per E-Mail: <a href=\"mailto:tickets@100jahremvr.de\">tickets@100jahremvr.de<\/a><br>Bei einem Musiker bestellen<br><strong>Vorverkaufsstellen:<\/strong><br>Gasthaus L\u00f6wen in Rottum<br>Ox-Line in Ochsenhausen<br>Dorfgemeinschaft in Steinhausen<br>B\u00e4ckerei Grieser L\u00e4dele in Bellamont<\/p>\n","protected":false},"excerpt":{"rendered":"<p>10:30 Uhr | Fassanstich Musikalische Unterhaltung durch den Musikverein Ellwangen. 11 Uhr | Schw\u00e4bischer Mittagstisch 14 Uhr | Kaffee und Kuchen Musikalische Unterhaltung durch den Musikverein Steinhausen an der Rottum. 20 Uhr | Schw\u00e4bisch Comedy mit Saubachkome.de Lust auf einen schw\u00e4bisch verr\u00fcckten, hocham\u00fcsanten Abend mit originellen musikalischen Einlagen? Dann komm&#8216; vorbei! Einlass ab 18 Uhr &hellip; <\/p>\n<p class=\"link-more\"><a href=\"https:\/\/100jahremvr.de\/?page_id=48\" class=\"more-link\"><span class=\"screen-reader-text\">\u201eDonnerstag, 30. Mai\u201c<\/span> weiterlesen<\/a><\/p>\n","protected":false},"author":1,"featured_media":79,"parent":0,"menu_order":0,"comment_status":"closed","ping_status":"closed","template":"","meta":{"footnotes":""},"_links":{"self":[{"href":"https:\/\/100jahremvr.de\/index.php?rest_route=\/wp\/v2\/pages\/48"}],"collection":[{"href":"https:\/\/100jahremvr.de\/index.php?rest_route=\/wp\/v2\/pages"}],"about":[{"href":"https:\/\/100jahremvr.de\/index.php?rest_route=\/wp\/v2\/types\/page"}],"author":[{"embeddable":true,"href":"https:\/\/100jahremvr.de\/index.php?rest_route=\/wp\/v2\/users\/1"}],"replies":[{"embeddable":true,"href":"https:\/\/100jahremvr.de\/index.php?rest_route=%2Fwp%2Fv2%2Fcomments&post=48"}],"version-history":[{"count":10,"href":"https:\/\/100jahremvr.de\/index.php?rest_route=\/wp\/v2\/pages\/48\/revisions"}],"predecessor-version":[{"id":97,"href":"https:\/\/100jahremvr.de\/index.php?rest_route=\/wp\/v2\/pages\/48\/revisions\/97"}],"wp:featuredmedia":[{"embeddable":true,"href":"https:\/\/100jahremvr.de\/index.php?rest_route=\/wp\/v2\/media\/79"}],"wp:attachment":[{"href":"https:\/\/100jahremvr.de\/index.php?rest_route=%2Fwp%2Fv2%2Fmedia&parent=48"}],"curies":[{"name":"wp","href":"https:\/\/api.w.org\/{rel}","templated":true}]}}